{"id":1176,"date":"2021-08-17T07:47:53","date_gmt":"2021-08-17T07:47:53","guid":{"rendered":"https:\/\/lyofilizovane.cz\/index.php\/checkout-2\/"},"modified":"2022-10-15T21:07:15","modified_gmt":"2022-10-15T21:07:15","slug":"checkout-2","status":"publish","type":"page","link":"https:\/\/lyofilizovane.cz\/index.php\/checkout-2\/","title":{"rendered":"Checkout"},"content":{"rendered":"<p>[woocommerce_checkout]<\/p>\n","protected":false},"excerpt":{"rendered":"","protected":false},"author":1,"featured_media":0,"parent":0,"menu_order":0,"comment_status":"closed","ping_status":"closed","template":"","meta":{"om_disable_all_campaigns":false,"site-sidebar-layout":"default","site-content-layout":"","ast-site-content-layout":"default","site-content-style":"default","site-sidebar-style":"default","ast-global-header-display":"","ast-banner-title-visibility":"","ast-main-header-display":"","ast-hfb-above-header-display":"","ast-hfb-below-header-display":"","ast-hfb-mobile-header-display":"","site-post-title":"","ast-breadcrumbs-content":"","ast-featured-img":"","footer-sml-layout":"","ast-disable-related-posts":"","theme-transparent-header-meta":"","adv-header-id-meta":"","stick-header-meta":"","header-above-stick-meta":"","header-main-stick-meta":"","header-below-stick-meta":"","astra-migrate-meta-layouts":"default","ast-page-background-enabled":"default","ast-page-background-meta":{"desktop":{"background-color":"var(--ast-global-color-4)","background-image":"","background-repeat":"repeat","background-position":"center center","background-size":"auto","background-attachment":"scroll","background-type":"","background-media":"","overlay-type":"","overlay-color":"","overlay-opacity":"","overlay-gradient":""},"tablet":{"background-color":"","background-image":"","background-repeat":"repeat","background-position":"center center","background-size":"auto","background-attachment":"scroll","background-type":"","background-media":"","overlay-type":"","overlay-color":"","overlay-opacity":"","overlay-gradient":""},"mobile":{"background-color":"","background-image":"","background-repeat":"repeat","background-position":"center center","background-size":"auto","background-attachment":"scroll","background-type":"","background-media":"","overlay-type":"","overlay-color":"","overlay-opacity":"","overlay-gradient":""}},"ast-content-background-meta":{"desktop":{"background-color":"var(--ast-global-color-5)","background-image":"","background-repeat":"repeat","background-position":"center center","background-size":"auto","background-attachment":"scroll","background-type":"","background-media":"","overlay-type":"","overlay-color":"","overlay-opacity":"","overlay-gradient":""},"tablet":{"background-color":"var(--ast-global-color-5)","background-image":"","background-repeat":"repeat","background-position":"center center","background-size":"auto","background-attachment":"scroll","background-type":"","background-media":"","overlay-type":"","overlay-color":"","overlay-opacity":"","overlay-gradient":""},"mobile":{"background-color":"var(--ast-global-color-5)","background-image":"","background-repeat":"repeat","background-position":"center center","background-size":"auto","background-attachment":"scroll","background-type":"","background-media":"","overlay-type":"","overlay-color":"","overlay-opacity":"","overlay-gradient":""}},"footnotes":""},"class_list":["post-1176","page","type-page","status-publish","hentry"],"yoast_head":"<!-- This site is optimized with the Yoast SEO plugin v27.3 - https:\/\/yoast.com\/product\/yoast-seo-wordpress\/ -->\n<title>Checkout - lyofilizovane.cz<\/title>\n<meta name=\"robots\" content=\"index, follow, max-snippet:-1, max-image-preview:large, max-video-preview:-1\" \/>\n<link rel=\"canonical\" href=\"https:\/\/www.lyofilizovane.cz\/index.php\/checkout-2\/\" \/>\n<meta property=\"og:locale\" content=\"cs_CZ\" \/>\n<meta property=\"og:type\" content=\"article\" \/>\n<meta property=\"og:title\" content=\"Checkout - lyofilizovane.cz\" \/>\n<meta property=\"og:url\" content=\"https:\/\/www.lyofilizovane.cz\/index.php\/checkout-2\/\" \/>\n<meta property=\"og:site_name\" content=\"lyofilizovane.cz\" \/>\n<meta property=\"article:publisher\" content=\"https:\/\/www.facebook.com\/pestoandchilli.cz\" \/>\n<meta property=\"article:modified_time\" content=\"2022-10-15T21:07:15+00:00\" \/>\n<meta property=\"og:image\" content=\"https:\/\/lyofilizovane.cz\/wp-content\/uploads\/2023\/09\/lyofilizovane-cz_thumbnail_v2.jpg\" \/>\n\t<meta property=\"og:image:width\" content=\"1080\" \/>\n\t<meta property=\"og:image:height\" content=\"1080\" \/>\n\t<meta property=\"og:image:type\" content=\"image\/jpeg\" \/>\n<meta name=\"twitter:card\" content=\"summary_large_image\" \/>\n<script type=\"application\/ld+json\" class=\"yoast-schema-graph\">{\"@context\":\"https:\\\/\\\/schema.org\",\"@graph\":[{\"@type\":\"WebPage\",\"@id\":\"https:\\\/\\\/www.lyofilizovane.cz\\\/index.php\\\/checkout-2\\\/\",\"url\":\"https:\\\/\\\/www.lyofilizovane.cz\\\/index.php\\\/checkout-2\\\/\",\"name\":\"Checkout - lyofilizovane.cz\",\"isPartOf\":{\"@id\":\"https:\\\/\\\/www.lyofilizovane.cz\\\/#website\"},\"datePublished\":\"2021-08-17T07:47:53+00:00\",\"dateModified\":\"2022-10-15T21:07:15+00:00\",\"breadcrumb\":{\"@id\":\"https:\\\/\\\/www.lyofilizovane.cz\\\/index.php\\\/checkout-2\\\/#breadcrumb\"},\"inLanguage\":\"cs\",\"potentialAction\":[{\"@type\":\"ReadAction\",\"target\":[\"https:\\\/\\\/www.lyofilizovane.cz\\\/index.php\\\/checkout-2\\\/\"]}]},{\"@type\":\"BreadcrumbList\",\"@id\":\"https:\\\/\\\/www.lyofilizovane.cz\\\/index.php\\\/checkout-2\\\/#breadcrumb\",\"itemListElement\":[{\"@type\":\"ListItem\",\"position\":1,\"name\":\"Dom\u016f\",\"item\":\"https:\\\/\\\/www.lyofilizovane.cz\\\/\"},{\"@type\":\"ListItem\",\"position\":2,\"name\":\"Checkout\"}]},{\"@type\":\"WebSite\",\"@id\":\"https:\\\/\\\/www.lyofilizovane.cz\\\/#website\",\"url\":\"https:\\\/\\\/www.lyofilizovane.cz\\\/\",\"name\":\"Lyofilizovane.cz\",\"description\":\"lyofilizace lyofilizovan\u00e9 produkty blog lyofilizaci lyo lyofylizace liofilizace su\u0161en\u00e9 mrazem ovoce chilli houby maso byliny bylinky ko\u0159en\u00ed ml\u00e9\u010dn\u00e9 ml\u00e9ko s\u00fdr s\u00fdry tvaroh jahody broskve maliny ryzec stro\u010dek h\u0159ib h\u0159iby h\u0159\u00edbky tvar\u016f\u017eky su\u0161en\u00ed\",\"publisher\":{\"@id\":\"https:\\\/\\\/www.lyofilizovane.cz\\\/#organization\"},\"alternateName\":\"lyofilizace a lyofilizovan\u00e9 produkty a blog o lyofilizaci\",\"potentialAction\":[{\"@type\":\"SearchAction\",\"target\":{\"@type\":\"EntryPoint\",\"urlTemplate\":\"https:\\\/\\\/www.lyofilizovane.cz\\\/?s={search_term_string}\"},\"query-input\":{\"@type\":\"PropertyValueSpecification\",\"valueRequired\":true,\"valueName\":\"search_term_string\"}}],\"inLanguage\":\"cs\"},{\"@type\":\"Organization\",\"@id\":\"https:\\\/\\\/www.lyofilizovane.cz\\\/#organization\",\"name\":\"Zach's Pesto and Chilli\",\"alternateName\":\"Zachovo pesto a chilli\",\"url\":\"https:\\\/\\\/www.lyofilizovane.cz\\\/\",\"logo\":{\"@type\":\"ImageObject\",\"inLanguage\":\"cs\",\"@id\":\"https:\\\/\\\/www.lyofilizovane.cz\\\/#\\\/schema\\\/logo\\\/image\\\/\",\"url\":\"https:\\\/\\\/lyofilizovane.cz\\\/wp-content\\\/uploads\\\/2023\\\/08\\\/cropped-Zach_logo_modre_namraza_napis_web-kopie-1.png\",\"contentUrl\":\"https:\\\/\\\/lyofilizovane.cz\\\/wp-content\\\/uploads\\\/2023\\\/08\\\/cropped-Zach_logo_modre_namraza_napis_web-kopie-1.png\",\"width\":1038,\"height\":346,\"caption\":\"Zach's Pesto and Chilli\"},\"image\":{\"@id\":\"https:\\\/\\\/www.lyofilizovane.cz\\\/#\\\/schema\\\/logo\\\/image\\\/\"},\"sameAs\":[\"https:\\\/\\\/www.facebook.com\\\/pestoandchilli.cz\",\"https:\\\/\\\/www.instagram.com\\\/lyofilizovane.cz\\\/\"]}]}<\/script>\n<!-- \/ Yoast SEO plugin. -->","yoast_head_json":{"title":"Checkout - lyofilizovane.cz","robots":{"index":"index","follow":"follow","max-snippet":"max-snippet:-1","max-image-preview":"max-image-preview:large","max-video-preview":"max-video-preview:-1"},"canonical":"https:\/\/www.lyofilizovane.cz\/index.php\/checkout-2\/","og_locale":"cs_CZ","og_type":"article","og_title":"Checkout - lyofilizovane.cz","og_url":"https:\/\/www.lyofilizovane.cz\/index.php\/checkout-2\/","og_site_name":"lyofilizovane.cz","article_publisher":"https:\/\/www.facebook.com\/pestoandchilli.cz","article_modified_time":"2022-10-15T21:07:15+00:00","og_image":[{"width":1080,"height":1080,"url":"https:\/\/lyofilizovane.cz\/wp-content\/uploads\/2023\/09\/lyofilizovane-cz_thumbnail_v2.jpg","type":"image\/jpeg"}],"twitter_card":"summary_large_image","schema":{"@context":"https:\/\/schema.org","@graph":[{"@type":"WebPage","@id":"https:\/\/www.lyofilizovane.cz\/index.php\/checkout-2\/","url":"https:\/\/www.lyofilizovane.cz\/index.php\/checkout-2\/","name":"Checkout - lyofilizovane.cz","isPartOf":{"@id":"https:\/\/www.lyofilizovane.cz\/#website"},"datePublished":"2021-08-17T07:47:53+00:00","dateModified":"2022-10-15T21:07:15+00:00","breadcrumb":{"@id":"https:\/\/www.lyofilizovane.cz\/index.php\/checkout-2\/#breadcrumb"},"inLanguage":"cs","potentialAction":[{"@type":"ReadAction","target":["https:\/\/www.lyofilizovane.cz\/index.php\/checkout-2\/"]}]},{"@type":"BreadcrumbList","@id":"https:\/\/www.lyofilizovane.cz\/index.php\/checkout-2\/#breadcrumb","itemListElement":[{"@type":"ListItem","position":1,"name":"Dom\u016f","item":"https:\/\/www.lyofilizovane.cz\/"},{"@type":"ListItem","position":2,"name":"Checkout"}]},{"@type":"WebSite","@id":"https:\/\/www.lyofilizovane.cz\/#website","url":"https:\/\/www.lyofilizovane.cz\/","name":"Lyofilizovane.cz","description":"lyofilizace lyofilizovan\u00e9 produkty blog lyofilizaci lyo lyofylizace liofilizace su\u0161en\u00e9 mrazem ovoce chilli houby maso byliny bylinky ko\u0159en\u00ed ml\u00e9\u010dn\u00e9 ml\u00e9ko s\u00fdr s\u00fdry tvaroh jahody broskve maliny ryzec stro\u010dek h\u0159ib h\u0159iby h\u0159\u00edbky tvar\u016f\u017eky su\u0161en\u00ed","publisher":{"@id":"https:\/\/www.lyofilizovane.cz\/#organization"},"alternateName":"lyofilizace a lyofilizovan\u00e9 produkty a blog o lyofilizaci","potentialAction":[{"@type":"SearchAction","target":{"@type":"EntryPoint","urlTemplate":"https:\/\/www.lyofilizovane.cz\/?s={search_term_string}"},"query-input":{"@type":"PropertyValueSpecification","valueRequired":true,"valueName":"search_term_string"}}],"inLanguage":"cs"},{"@type":"Organization","@id":"https:\/\/www.lyofilizovane.cz\/#organization","name":"Zach's Pesto and Chilli","alternateName":"Zachovo pesto a chilli","url":"https:\/\/www.lyofilizovane.cz\/","logo":{"@type":"ImageObject","inLanguage":"cs","@id":"https:\/\/www.lyofilizovane.cz\/#\/schema\/logo\/image\/","url":"https:\/\/lyofilizovane.cz\/wp-content\/uploads\/2023\/08\/cropped-Zach_logo_modre_namraza_napis_web-kopie-1.png","contentUrl":"https:\/\/lyofilizovane.cz\/wp-content\/uploads\/2023\/08\/cropped-Zach_logo_modre_namraza_napis_web-kopie-1.png","width":1038,"height":346,"caption":"Zach's Pesto and Chilli"},"image":{"@id":"https:\/\/www.lyofilizovane.cz\/#\/schema\/logo\/image\/"},"sameAs":["https:\/\/www.facebook.com\/pestoandchilli.cz","https:\/\/www.instagram.com\/lyofilizovane.cz\/"]}]}},"_links":{"self":[{"href":"https:\/\/lyofilizovane.cz\/index.php\/wp-json\/wp\/v2\/pages\/1176","targetHints":{"allow":["GET"]}}],"collection":[{"href":"https:\/\/lyofilizovane.cz\/index.php\/wp-json\/wp\/v2\/pages"}],"about":[{"href":"https:\/\/lyofilizovane.cz\/index.php\/wp-json\/wp\/v2\/types\/page"}],"author":[{"embeddable":true,"href":"https:\/\/lyofilizovane.cz\/index.php\/wp-json\/wp\/v2\/users\/1"}],"replies":[{"embeddable":true,"href":"https:\/\/lyofilizovane.cz\/index.php\/wp-json\/wp\/v2\/comments?post=1176"}],"version-history":[{"count":1,"href":"https:\/\/lyofilizovane.cz\/index.php\/wp-json\/wp\/v2\/pages\/1176\/revisions"}],"predecessor-version":[{"id":1274,"href":"https:\/\/lyofilizovane.cz\/index.php\/wp-json\/wp\/v2\/pages\/1176\/revisions\/1274"}],"wp:attachment":[{"href":"https:\/\/lyofilizovane.cz\/index.php\/wp-json\/wp\/v2\/media?parent=1176"}],"curies":[{"name":"wp","href":"https:\/\/api.w.org\/{rel}","templated":true}]}}